{"id":88,"date":"2018-12-25T15:15:42","date_gmt":"2018-12-25T14:15:42","guid":{"rendered":"https:\/\/the.ericade.net\/?page_id=88"},"modified":"2019-09-10T09:51:37","modified_gmt":"2019-09-10T07:51:37","slug":"att-anvanda-en-kom-bbs","status":"publish","type":"page","link":"https:\/\/the.ericade.net\/?page_id=88","title":{"rendered":"Att anv\u00e4nda en kom-BBS"},"content":{"rendered":"\n<p>N\u00e4r du v\u00e4l konfigurerat din dator f\u00f6r att k\u00f6ra SSH eller Telnet, vad \u00e4r n\u00e4sta steg? L\u00e5t oss ta en titt!<\/p>\n\n\n\n<figure class=\"wp-block-image\"><img decoding=\"async\" data-src=\"https:\/\/the.ericade.net\/wp-content\/uploads\/2018\/12\/xmas2018-1024x465.png\" alt=\"\" src=\"data:image\/svg+xml;base64,PHN2ZyB3aWR0aD0iMSIgaGVpZ2h0PSIxIiB4bWxucz0iaHR0cDovL3d3dy53My5vcmcvMjAwMC9zdmciPjwvc3ZnPg==\" class=\"lazyload\" style=\"--smush-placeholder-width: 1024px; --smush-placeholder-aspect-ratio: 1024\/465;\" \/><\/figure>\n\n\n\n<p>N\u00e4r du kopplat upp, dig ska du se basens logotype samt ett rad som ber om namn. Om du aldrig varit h\u00e4r f\u00f6rut, skriver du &#8221;ny&#8221; (utan &#8221;&#8221;)<\/p>\n\n\n\n<p>V\u00e4lj sedan &#8221;1: Svenska&#8221; p\u00e5 spr\u00e5kvalet. Det mesta av basen \u00e4r p\u00e5 Svenska oavsett spr\u00e5kval, s\u00e5 det blir bara f\u00f6rvirrande att v\u00e4lja Engelska.<\/p>\n\n\n\n<p>V\u00e4lj &#8221;5. UTF-8&#8221; som teckenkodning. D\u00e5 blir \u00c5\u00c4\u00d6 korrekt p\u00e5 de flesta moderna terminaler.<\/p>\n\n\n\n<p>Fyll sedan i dina personupppgifter:<\/p>\n\n\n\n<figure class=\"wp-block-image\"><img decoding=\"async\" data-src=\"https:\/\/the.ericade.net\/wp-content\/uploads\/2018\/12\/Uppgifter-1024x660.png\" alt=\"\" src=\"data:image\/svg+xml;base64,PHN2ZyB3aWR0aD0iMSIgaGVpZ2h0PSIxIiB4bWxucz0iaHR0cDovL3d3dy53My5vcmcvMjAwMC9zdmciPjwvc3ZnPg==\" class=\"lazyload\" style=\"--smush-placeholder-width: 1024px; --smush-placeholder-aspect-ratio: 1024\/660;\" \/><\/figure>\n\n\n\n<p>N\u00e4r du fyllt i alla uppgifter och godk\u00e4nt dem kommer ett kort fr\u00e5geformul\u00e4r som du beh\u00f6ver fylla i. Det \u00e4r ett 10-tal korta fr\u00e5gor om vad du har f\u00f6r dator och s\u00e5 vidare.<\/p>\n\n\n\n<p>Efter detta loggas du in i systemet:<\/p>\n\n\n\n<figure class=\"wp-block-image\"><img decoding=\"async\" data-src=\"https:\/\/the.ericade.net\/wp-content\/uploads\/2018\/12\/First-1024x555.png\" alt=\"\" src=\"data:image\/svg+xml;base64,PHN2ZyB3aWR0aD0iMSIgaGVpZ2h0PSIxIiB4bWxucz0iaHR0cDovL3d3dy53My5vcmcvMjAwMC9zdmciPjwvc3ZnPg==\" class=\"lazyload\" style=\"--smush-placeholder-width: 1024px; --smush-placeholder-aspect-ratio: 1024\/555;\" \/><\/figure>\n\n\n\n<p>Nu har du f\u00e5tt ett konto men detta m\u00e5ste aktiveras av mig, Sysop. Det tar normalt n\u00e5gra timmar till en dag innan jag hinner med att godk\u00e4nna dig. Tills vidare kan du titta runt i systemet. Till en b\u00f6rjan finns det inte s\u00e5 mycket du f\u00e5r g\u00f6ra, men n\u00e4r du \u00e4r godk\u00e4nt kommer allting bli tillg\u00e4ngligt.<\/p>\n\n\n\n<p>De flesta baser har kortkommandon f\u00f6r allting. T.ex. M f\u00f6r att visa meddelande eller G f\u00f6r att logga ur. S\u00e5 fungerar det inte h\u00e4r. Utan h\u00e4r anger man vad man vill g\u00f6ra.&nbsp;En kom-BBS bygger allts\u00e5 p\u00e5 att man anger kommandon ist\u00e4llet f\u00f6r menyer.&nbsp;<\/p>\n\n\n\n<p>Det f\u00f6rsta kommandot vi kan l\u00e4ra oss \u00e4r &#8221;lista m\u00f6ten&#8221;. Men alla kommandon g\u00e5r att f\u00f6rkorta s\u00e5 l\u00e4nge de \u00e4r unika. S\u00e5ledes skriver du &#8221;li m\u00f6&#8221;. I alla exempel i denna text ska du inte skriva in citationstecknen.<\/p>\n\n\n\n<figure class=\"wp-block-image\"><img decoding=\"async\" data-src=\"https:\/\/the.ericade.net\/wp-content\/uploads\/2018\/12\/m\u00f6ten-1024x585.png\" alt=\"\" src=\"data:image\/svg+xml;base64,PHN2ZyB3aWR0aD0iMSIgaGVpZ2h0PSIxIiB4bWxucz0iaHR0cDovL3d3dy53My5vcmcvMjAwMC9zdmciPjwvc3ZnPg==\" class=\"lazyload\" style=\"--smush-placeholder-width: 1024px; --smush-placeholder-aspect-ratio: 1024\/585;\" \/><\/figure>\n\n\n\n<p>Du kommer nu f\u00e5 upp en lista \u00f6ver m\u00f6ten som liknar den ovan. Om n\u00e5got verkar intressant, kan du skriva kommandot &#8221;medlem&#8221; och sedan m\u00f6tets namn. F\u00f6rkortningar av m\u00f6tesnamnen fungerar bra, s\u00e5 &#8221;medlem fritt&#8221; g\u00f6r dig medlem i m\u00f6tet &#8221;Fritt forum f\u00f6r F\u00e5rskallar&#8221;.<\/p>\n\n\n\n<p>N\u00e4r du g\u00e5r med i ett m\u00f6te, kommer du kunna g\u00e5 dit genom att skriva &#8221;g\u00e5&#8221; och sedan m\u00f6tets namn. Detta kr\u00e4ver f\u00f6rst\u00e5s att du \u00e4r medlem i m\u00f6tet i fr\u00e5ga.<\/p>\n\n\n\n<p>Basen l\u00e5ter dig automatiskt g\u00e5 fr\u00e5n din brevl\u00e5da och ut i n\u00e4sta m\u00f6te med ol\u00e4sta texter bara genom att trycka p\u00e5 Return. P\u00e5 s\u00e5 s\u00e4tt kan du mata fram varje text genom att trycka return. Men vad g\u00f6r du om du har 378 ol\u00e4st texter och inte vill sitta och mata dig fram en text i taget? Kommandot &#8221;endast&#8221; kan hj\u00e4lpa. &#8221;Endast 10&#8221; g\u00f6r s\u00e5 att du endast har 10 ol\u00e4sta texter kvar. &#8221;Endast 0&#8221; ser till att alla m\u00f6testexter markeras som l\u00e4sta och du g\u00e5r d\u00e5 vidare till n\u00e4sta m\u00f6te om det finns n\u00e5gra ol\u00e4sta texter d\u00e4r.<\/p>\n\n\n\n<p>N\u00e4r du l\u00e4ser texter, kan det var bra att veta att Nikom visar texterna i kommentarstr\u00e4d. Om du l\u00e4ser en text och inte minns vad den var en kommentar till kan du k\u00f6ra kommandot &#8221;\u00e5terse kommenterade&#8221;.&nbsp;<\/p>\n\n\n\n<p>\u00c4r du redo att skriva n\u00e5got sj\u00e4lv. Genom att skriva &#8221;skriv&#8221; kan du skriva ett nytt inl\u00e4gg i det m\u00f6te du f\u00f6rn\u00e4rvarande st\u00e5r i. Om du d\u00e4remot vill skriva en kommentar, skriv p\u00e5 &#8221;kommentar&#8221; f\u00f6r att kommentera den sista texten du l\u00e4st.<\/p>\n\n\n\n<p>Det sista kommandot du f\u00e5r i denna guide \u00e4r &#8221;lista kommandon&#8221;. Det ger dig en lista \u00f6ver alla kommandon som basen har. Ta dig tid att l\u00e4ra dig de vanligaste, s\u00e5 f\u00e5r du ut det mesta ur basen.<\/p>\n","protected":false},"excerpt":{"rendered":"<p>N\u00e4r du v\u00e4l konfigurerat din dator f\u00f6r att k\u00f6ra SSH eller Telnet, vad \u00e4r n\u00e4sta steg? L\u00e5t oss ta en titt! N\u00e4r du kopplat upp, dig ska du se basens logotype samt ett rad som ber om namn. Om du aldrig varit h\u00e4r f\u00f6rut, skriver du &#8221;ny&#8221; (utan &#8221;&#8221;) V\u00e4lj sedan &#8221;1: Svenska&#8221; p\u00e5 spr\u00e5kvalet.&hellip; <a class=\"more-link\" href=\"https:\/\/the.ericade.net\/?page_id=88\">Forts\u00e4tt l\u00e4sa <span class=\"screen-reader-text\">Att anv\u00e4nda en kom-BBS<\/span><\/a><\/p>\n","protected":false},"author":1,"featured_media":0,"parent":0,"menu_order":0,"comment_status":"closed","ping_status":"closed","template":"","meta":{"jetpack_post_was_ever_published":false,"footnotes":""},"class_list":["post-88","page","type-page","status-publish","hentry","entry"],"jetpack_sharing_enabled":true,"jetpack_shortlink":"https:\/\/wp.me\/PaX1Ep-1q","_links":{"self":[{"href":"https:\/\/the.ericade.net\/index.php?rest_route=\/wp\/v2\/pages\/88","targetHints":{"allow":["GET"]}}],"collection":[{"href":"https:\/\/the.ericade.net\/index.php?rest_route=\/wp\/v2\/pages"}],"about":[{"href":"https:\/\/the.ericade.net\/index.php?rest_route=\/wp\/v2\/types\/page"}],"author":[{"embeddable":true,"href":"https:\/\/the.ericade.net\/index.php?rest_route=\/wp\/v2\/users\/1"}],"replies":[{"embeddable":true,"href":"https:\/\/the.ericade.net\/index.php?rest_route=%2Fwp%2Fv2%2Fcomments&post=88"}],"version-history":[{"count":9,"href":"https:\/\/the.ericade.net\/index.php?rest_route=\/wp\/v2\/pages\/88\/revisions"}],"predecessor-version":[{"id":1135,"href":"https:\/\/the.ericade.net\/index.php?rest_route=\/wp\/v2\/pages\/88\/revisions\/1135"}],"wp:attachment":[{"href":"https:\/\/the.ericade.net\/index.php?rest_route=%2Fwp%2Fv2%2Fmedia&parent=88"}],"curies":[{"name":"wp","href":"https:\/\/api.w.org\/{rel}","templated":true}]}}