{"id":83,"date":"2018-12-25T15:13:21","date_gmt":"2018-12-25T14:13:21","guid":{"rendered":"https:\/\/the.ericade.net\/?page_id=83"},"modified":"2021-01-02T22:59:01","modified_gmt":"2021-01-02T21:59:01","slug":"andra-bbser","status":"publish","type":"page","link":"https:\/\/the.ericade.net\/?page_id=83","title":{"rendered":"Andra BBSer"},"content":{"rendered":"\n<p>Det finns ett antal BBSer som \u00e4nnu h\u00e5ller flaggan h\u00f6gt och l\u00e5ter dig m\u00f6ta en svunnen tid. Joacim Melin har en mycket bra lista med alla k\u00e4nda baser som fortfarande \u00e4r vid liv. <a href=\"https:\/\/www.melin.org\/bbs\/\">Denna lista hittar du h\u00e4r.<\/a>&nbsp;Nedan \u00e4r en personlig reflektion \u00f6ver n\u00e5gra av dessa baser.<\/p>\n\n\n\n<figure class=\"wp-block-image size-large\"><img decoding=\"async\" width=\"684\" height=\"417\" data-src=\"https:\/\/the.ericade.net\/wp-content\/uploads\/2021\/01\/southcentral.png\" alt=\"\" class=\"wp-image-1549 lazyload\" data-srcset=\"https:\/\/the.ericade.net\/wp-content\/uploads\/2021\/01\/southcentral.png 684w, https:\/\/the.ericade.net\/wp-content\/uploads\/2021\/01\/southcentral-300x183.png 300w\" data-sizes=\"(max-width: 684px) 100vw, 684px\" src=\"data:image\/svg+xml;base64,PHN2ZyB3aWR0aD0iMSIgaGVpZ2h0PSIxIiB4bWxucz0iaHR0cDovL3d3dy53My5vcmcvMjAwMC9zdmciPjwvc3ZnPg==\" style=\"--smush-placeholder-width: 684px; --smush-placeholder-aspect-ratio: 684\/417;\" \/><\/figure>\n\n\n\n<p>2021 startar med en ny BBS! Det h\u00e4nder inte ofta, men nu kan vi gl\u00e4dja er med att Southcentral som drivs av Sysopen &#8221;Charlie&#8221; \u00e4r ig\u00e5ng om \u00e4n bara p\u00e5 telnet. Filer, m\u00f6ten och en aktiv sysop utlovas som dessutom har tryckt upp <a href=\"https:\/\/the.ericade.net\/?p=1544\">klisterm\u00e4rken<\/a>!<\/p>\n\n\n\n<p>Hur du n\u00e5r den:<\/p>\n\n\n\n<p>&#8211; Telnet: southcentral.se p\u00e5 port 1023.<br>&#8211; WWW:\u00a0<a href=\"http:\/\/southcentral.se\">http:\/\/southcentral.se<\/a><\/p>\n\n\n\n<figure class=\"wp-block-image\"><img decoding=\"async\" data-src=\"https:\/\/the.ericade.net\/wp-content\/uploads\/2018\/12\/Nikom_BBS-1024x360.png\" alt=\"\" src=\"data:image\/svg+xml;base64,PHN2ZyB3aWR0aD0iMSIgaGVpZ2h0PSIxIiB4bWxucz0iaHR0cDovL3d3dy53My5vcmcvMjAwMC9zdmciPjwvc3ZnPg==\" class=\"lazyload\" style=\"--smush-placeholder-width: 1024px; --smush-placeholder-aspect-ratio: 1024\/360;\" \/><\/figure>\n\n\n\n<p>Nikom BBS<\/p>\n\n\n\n<p>Niklas Lindholm \u00e4r hj\u00e4rnan bakom BBS-systemet Nikom som under 90-talet var mycket popul\u00e4rt bland Amigaanv\u00e4ndare. Han drev Nikom BBS mellan 1991 och 1997. 2015 kom BBSen tillbaka igen. Denna g\u00e5ng p\u00e5 Internet. En intressant sak \u00e4r att Niklas fortfarande utvecklar Nikom f\u00f6r Amigan. S\u00e5 det kommer ut ungef\u00e4r en ny version per halv\u00e5r med nuvarande takt. Basen har huvudsakligen diskussioner om Nikoms utveckling och aktiviteten varierar i takt med nya uppdateringar och n\u00e4r nya buggar hittas (och fixas!).<\/p>\n\n\n\n<p>Hur du n\u00e5r den:<\/p>\n\n\n\n<p>&#8211; Telnet: bbs.nikom.org p\u00e5 port 23.<br>&#8211; SSH: bbs.nikom.org p\u00e5 port 22. Namn: bbs, l\u00f6senord: bbs<br>&#8211; WWW:&nbsp;<a href=\"http:\/\/www.nikom.org\/\">http:\/\/www.nikom.org\/<\/a><\/p>\n\n\n\n<figure class=\"wp-block-image\"><img decoding=\"async\" data-src=\"https:\/\/the.ericade.net\/wp-content\/uploads\/2018\/12\/DeltaCity_bbs-1024x622.png\" alt=\"\" src=\"data:image\/svg+xml;base64,PHN2ZyB3aWR0aD0iMSIgaGVpZ2h0PSIxIiB4bWxucz0iaHR0cDovL3d3dy53My5vcmcvMjAwMC9zdmciPjwvc3ZnPg==\" class=\"lazyload\" style=\"--smush-placeholder-width: 1024px; --smush-placeholder-aspect-ratio: 1024\/622;\" \/><\/figure>\n\n\n\n<p>En av de mest aktiva baserna i Nikom-v\u00e4rlden. Har m\u00e5nga olika diskussioner om allt fr\u00e5n bilar, MAC, Amiga och n\u00e4tverksteknik. Dessutom \u00e4r den med i Fidonet bland annat.<\/p>\n\n\n\n<p>Hur du n\u00e5r den:<\/p>\n\n\n\n<p>&#8211; Telnet: bbs.deltacity.se p\u00e5 port 23<br>&#8211; SSH: bbs.deltacity.se p\u00e5 port 22. Namn: bbs, l\u00f6senord: bbs<br>&#8211; WWW:&nbsp;<a href=\"http:\/\/www.deltacity.se\/\">http:\/\/www.deltacity.se\/<\/a><\/p>\n\n\n\n<figure class=\"wp-block-image\"><img decoding=\"async\" data-src=\"https:\/\/the.ericade.net\/wp-content\/uploads\/2018\/12\/Fabbes_BBS-1024x449.png\" alt=\"\" src=\"data:image\/svg+xml;base64,PHN2ZyB3aWR0aD0iMSIgaGVpZ2h0PSIxIiB4bWxucz0iaHR0cDovL3d3dy53My5vcmcvMjAwMC9zdmciPjwvc3ZnPg==\" class=\"lazyload\" style=\"--smush-placeholder-width: 1024px; --smush-placeholder-aspect-ratio: 1024\/449;\" \/><\/figure>\n\n\n\n<p>En av de \u00e4ldsta baserna som fortfarande \u00e4r i drift. Min BBS och Nikom \u00e4r dock \u00e4ldre! Aktiviteten \u00e4r tyv\u00e4rr just nu (december 2018) ganska obefintlig, vilket \u00e4r synd. Fabbes har en av de st\u00f6rsta upps\u00e4ttningarna m\u00f6ten p\u00e5 n\u00e5gon bas jag sett.<\/p>\n\n\n\n<p>Hur n\u00e5r den:<\/p>\n\n\n\n<p>&#8211; Telnet: Ingen telnet.<br>&#8211; SSH: fabbes.se p\u00e5 port 22. Namn: bbs, l\u00f6senord: gazonk<br>&#8211; WWW:&nbsp;<a href=\"http:\/\/fabbes.se\/\">http:\/\/fabbes.se\/<\/a><\/p>\n\n\n\n<figure class=\"wp-block-image\"><img decoding=\"async\" data-src=\"https:\/\/the.ericade.net\/wp-content\/uploads\/2018\/12\/Retrobasen-1024x551.png\" alt=\"\" src=\"data:image\/svg+xml;base64,PHN2ZyB3aWR0aD0iMSIgaGVpZ2h0PSIxIiB4bWxucz0iaHR0cDovL3d3dy53My5vcmcvMjAwMC9zdmciPjwvc3ZnPg==\" class=\"lazyload\" style=\"--smush-placeholder-width: 1024px; --smush-placeholder-aspect-ratio: 1024\/551;\" \/><\/figure>\n\n\n\n<p>(Maj 2020) <a href=\"https:\/\/the.ericade.net\/?p=1413\">Den verkar tyv\u00e4rr nedlagd.<\/a>&#8230;<\/p>\n\n\n\n<p>C64, Amiga, Atari. Allting 8-bit och 16-bit diskuteras h\u00e4r. Om du har minnen fr\u00e5n gamla spel eller vill programmera din Commodore 64, hittar du m\u00f6tena h\u00e4r!<\/p>\n\n\n\n<p>Hur du n\u00e5r den:<\/p>\n\n\n\n<p>&#8211; Telnet: retrobasen.se p\u00e5 port 2323.<br>&#8211; SSH: retrobasen.se p\u00e5 port 22. Namn: bbs, l\u00f6senord: bbs<br>&#8211; WWW:&nbsp;<a href=\"http:\/\/driar.se\/bbs\/\">http:\/\/driar.se\/bbs\/<\/a><\/p>\n\n\n\n<figure class=\"wp-block-image\"><img decoding=\"async\" data-src=\"https:\/\/the.ericade.net\/wp-content\/uploads\/2018\/12\/ThisOldCabin_BBS-1024x794.png\" alt=\"\" src=\"data:image\/svg+xml;base64,PHN2ZyB3aWR0aD0iMSIgaGVpZ2h0PSIxIiB4bWxucz0iaHR0cDovL3d3dy53My5vcmcvMjAwMC9zdmciPjwvc3ZnPg==\" class=\"lazyload\" style=\"--smush-placeholder-width: 1024px; --smush-placeholder-aspect-ratio: 1024\/794;\" \/><\/figure>\n\n\n\n<p>This old cabin BBS<\/p>\n\n\n\n<p>En BBS fr\u00e5n Visby. Till skillnad fr\u00e5n de \u00f6vriga baserna \u00e4r detta en menybaserad BBS som k\u00f6r DLG Pro. \u00c4mnena varierar mellan retrodatorer, Medeltidsveckan, h\u00e4star, n\u00e4tverk och gamla klassiska Amigan.<\/p>\n\n\n\n<p>Hur du n\u00e5r den:<\/p>\n\n\n\n<p>&#8211; Telnet: bbs.thisoldcabin.net p\u00e5 port 2323<br>&#8211; SSH: bbs.thisoldcabin.net p\u00e5 port 22. Namn: bbs, l\u00f6senord: bbs<br>&#8211; WWW: <a href=\"http:\/\/bbs.thisoldcabin.net\">http:\/\/bbs.thisoldcabin.net<\/a><\/p>\n\n\n\n<figure class=\"wp-block-image\"><img decoding=\"async\" data-src=\"https:\/\/the.ericade.net\/wp-content\/uploads\/2018\/12\/Suga_BBS-1024x436.png\" alt=\"\" src=\"data:image\/svg+xml;base64,PHN2ZyB3aWR0aD0iMSIgaGVpZ2h0PSIxIiB4bWxucz0iaHR0cDovL3d3dy53My5vcmcvMjAwMC9zdmciPjwvc3ZnPg==\" class=\"lazyload\" style=\"--smush-placeholder-width: 1024px; --smush-placeholder-aspect-ratio: 1024\/436;\" \/><\/figure>\n\n\n\n<p>Swedish User Group Amiga eller som det f\u00f6rkortas &#8221;SUGA&#8221; \u00e4r en av de f\u00e5 \u00f6verlevande Amiga-f\u00f6reningarna idag. Man h\u00e5ller hus med sina \u00e4lskade Amigor p\u00e5 en vind i Stockholm. Basen \u00e4r inte s\u00e5 aktiv nuf\u00f6rtiden men den finns d\u00e4r och man diskuterar fr\u00e5gan om man ska till\u00e5ta UTF8 (allts\u00e5 installera en modern version av Nikom!) eller inte.&nbsp;<\/p>\n\n\n\n<p>Hur man n\u00e5r den:<br>&#8211; Telnet: suga.se port port&nbsp;42512.<br>&#8211; SSH: SSH finns inte.<br>&#8211; WWW:&nbsp;<a href=\"http:\/\/www.suga.se\/\">http:\/\/www.suga.se\/<\/a><\/p>\n\n\n\n<figure class=\"wp-block-image\"><img decoding=\"async\" data-src=\"https:\/\/the.ericade.net\/wp-content\/uploads\/2019\/02\/TheEricadeNetworkBBS.png\" alt=\"\" src=\"data:image\/svg+xml;base64,PHN2ZyB3aWR0aD0iMSIgaGVpZ2h0PSIxIiB4bWxucz0iaHR0cDovL3d3dy53My5vcmcvMjAwMC9zdmciPjwvc3ZnPg==\" class=\"lazyload\" style=\"--smush-placeholder-width: 638px; --smush-placeholder-aspect-ratio: 638\/337;\" \/><\/figure>\n\n\n\n<p>The ERICADE Network BBS. Ok, kanske borde jag inte g\u00f6ra reklam f\u00f6r min egen BBS i denna lista, men jag t\u00e4nkte \u00e4nd\u00e5 att det kunde vara bra att ha f\u00f6r den som skapar en l\u00e4nk hit. S\u00e5 h\u00e4r \u00e4r den: basen hela denna sida handlar om. Inneh\u00e5ller diskussioner om det mesta. Aktiviteten \u00e4r v\u00e4l inte s\u00e5 imponerande l\u00e4ngre, men det finns en handfull anv\u00e4ndare som fortfarande loggar in och skriver t\u00e4nkv\u00e4rda texter. S\u00e5 varf\u00f6r inte ge basen en chans?<\/p>\n\n\n\n<p>&#8211; Telnet: the.ericade.net p\u00e5 port 23<br>&#8211; SSH: the.ericade.net p\u00e5 port 22. Namn: bbs, l\u00f6senord: bbs<br>&#8211; WWW: <a href=\"http:\/\/the.ericade.net\">http:\/\/the.ericade.net<\/a><\/p>\n","protected":false},"excerpt":{"rendered":"<p>Det finns ett antal BBSer som \u00e4nnu h\u00e5ller flaggan h\u00f6gt och l\u00e5ter dig m\u00f6ta en svunnen tid. Joacim Melin har en mycket bra lista med alla k\u00e4nda baser som fortfarande \u00e4r vid liv. Denna lista hittar du h\u00e4r.&nbsp;Nedan \u00e4r en personlig reflektion \u00f6ver n\u00e5gra av dessa baser. 2021 startar med en ny BBS! Det h\u00e4nder&hellip; <a class=\"more-link\" href=\"https:\/\/the.ericade.net\/?page_id=83\">Forts\u00e4tt l\u00e4sa <span class=\"screen-reader-text\">Andra BBSer<\/span><\/a><\/p>\n","protected":false},"author":1,"featured_media":0,"parent":0,"menu_order":0,"comment_status":"closed","ping_status":"closed","template":"","meta":{"jetpack_post_was_ever_published":false,"footnotes":""},"class_list":["post-83","page","type-page","status-publish","hentry","entry"],"jetpack_sharing_enabled":true,"jetpack_shortlink":"https:\/\/wp.me\/PaX1Ep-1l","_links":{"self":[{"href":"https:\/\/the.ericade.net\/index.php?rest_route=\/wp\/v2\/pages\/83","targetHints":{"allow":["GET"]}}],"collection":[{"href":"https:\/\/the.ericade.net\/index.php?rest_route=\/wp\/v2\/pages"}],"about":[{"href":"https:\/\/the.ericade.net\/index.php?rest_route=\/wp\/v2\/types\/page"}],"author":[{"embeddable":true,"href":"https:\/\/the.ericade.net\/index.php?rest_route=\/wp\/v2\/users\/1"}],"replies":[{"embeddable":true,"href":"https:\/\/the.ericade.net\/index.php?rest_route=%2Fwp%2Fv2%2Fcomments&post=83"}],"version-history":[{"count":30,"href":"https:\/\/the.ericade.net\/index.php?rest_route=\/wp\/v2\/pages\/83\/revisions"}],"predecessor-version":[{"id":1551,"href":"https:\/\/the.ericade.net\/index.php?rest_route=\/wp\/v2\/pages\/83\/revisions\/1551"}],"wp:attachment":[{"href":"https:\/\/the.ericade.net\/index.php?rest_route=%2Fwp%2Fv2%2Fmedia&parent=83"}],"curies":[{"name":"wp","href":"https:\/\/api.w.org\/{rel}","templated":true}]}}