{"id":1462,"date":"2020-07-31T12:48:35","date_gmt":"2020-07-31T10:48:35","guid":{"rendered":"https:\/\/the.ericade.net\/?page_id=1462"},"modified":"2022-08-06T10:05:19","modified_gmt":"2022-08-06T08:05:19","slug":"sveriges-bbs-lista-backup","status":"publish","type":"page","link":"https:\/\/the.ericade.net\/?page_id=1462","title":{"rendered":"Sveriges BBS-lista (backup\/spegel)"},"content":{"rendered":"\n<p>Listan skapades fr\u00e5n b\u00f6rjan av Joacim Melin, men verkar byta url och f\u00f6rsvinna r\u00e4tt ofta, s\u00e5 jag har gjort en kopia. Om den finns uppe, rekommenderar jag att du ist\u00e4llet g\u00e5r till originalet h\u00e4r: <a href=\"https:\/\/www.melin.org\/bbs\/\">https:\/\/www.melin.org\/bbs\/<\/a><\/p>\n\n\n\n<h1 class=\"wp-block-heading\">\u2192 Senast uppdaterad: 2022-05-07 \u2190<\/h1>\n\n\n\n<p>Senast uppdaterad: 2022-05-07.<\/p>\n\n\n\n<p><strong>Delta City<\/strong><br>BBS-system: NiKom<br>Adress, telnet \/ SSH: deltacity.se<br>Login och l\u00f6sen, SSH: bbs \/ bbs<br>Hemsida:&nbsp;<a href=\"http:\/\/www.deltacity.se\/\">www.deltacity.se<\/a><\/p>\n\n\n\n<p><strong>Suga BBS<\/strong><br>BBS-system: NiKom<br>Telefonnummer: 08-658 25 72<br>Adress, telnet: suga.se:42512<br>Hemsida: www.suga.se<\/p>\n\n\n\n<p><strong>Retrobasen<\/strong><br>BBS-system: NiKom<br>Adress, telnet och SSH: retrobasen.se:2323 (port end. telnet)<br>Login och l\u00f6sen, SSH: bbs \/ bbs<br>Hemsida: www.retrobasen.se<\/p>\n\n\n\n<p><strong>South Central<\/strong><br>BBS-system: MAX&#8217;s BBS<br>Adress, telnet: southcentral.se:1023<br>Hemsida: www.southcentral.se<\/p>\n\n\n\n<p><strong>This Old Cabin BBS<\/strong><br>Adress, Telnet och SSH: bbs.thisoldcabin.net:2323 (port end. telnet)<br>Login och l\u00f6sen, SSH: bbs \/ bbs<br>Hemsida: bbs.thisoldcabin.net<\/p>\n\n\n\n<p><strong>NiKom BBS<\/strong><br>System: NiKom<br>Adress, telnet och SSH: bbs.nikom.org<br>Login och l\u00f6sen, SSH: bbs \/ bbs<br>Hemsida: www.nikom.org<br>Fidonet: 2:201\/420<\/p>\n\n\n\n<p><strong>Fabbes BBS<\/strong><br>System: NiKom<br>Adress, telnet och SSH: fabbes.se<br>Login och l\u00f6sen, SSH: bbs \/ gazonk<br>Hemsida: www.fabbes.se<\/p>\n\n\n\n<p><strong>Sklaffkom<\/strong><br>System: Sklaffkom<br>Adress, telnet och SSH: sklaffkom.se<br>Hemsida: www.sklaffkom.se<\/p>\n\n\n\n<p><strong>-=P=I=X=-<\/strong><br>System: TCL<br>Adress, telnet: felten.yi.org<br>Fidonet: 2:203\/0<\/p>\n\n\n\n<p><strong>LuddKOM<\/strong><br>System: LysKOM<br>Adress, SSH: kom.ludd.ltu.se<br>Hemsida:&nbsp;<a href=\"https:\/\/www.ludd.ltu.se\/w2\/index.php\/LuddKOM\">https:\/\/www.ludd.ltu.se\/w2\/index.php\/LuddKOM<\/a><\/p>\n\n\n\n<p><strong>Banana Bender<\/strong><br>System: x84<br>Adress, telnet: bbs.retrohack.se:8484<\/p>\n\n\n\n<p><strong>The Ericade Network BBS<\/strong><br>BBS-system: NiKom<br>Adress, telnet \/ SSH: the.ericade.net<br>Login och l\u00f6sen, SSH: bbs \/ bbs<br>Hemsida: the.ericade.net<\/p>\n\n\n\n<p><strong>Antidote<\/strong><br>System: C*Base<br>Adress, telnet: antidote.triad.se:64128<br>Hemsida: www.triad.se<\/p>\n\n\n\n<p><strong>S\u00f6derKOM<\/strong><br>System: EasyKOM<br>Adress, telnet och SSH: skom.se<br>Hemsida: www.skom.se<\/p>\n\n\n\n<p><strong>Slime City BBS<\/strong><br>System: Mystic<br>Adress, telnet: bbs.retrohack.se<br>Hemsida:&nbsp;<a href=\"http:\/\/telnetbbsguide.com\/bbs\/slime-city-bbs\/\">http:\/\/telnetbbsguide.com\/bbs\/slime-city-bbs\/<\/a><\/p>\n\n\n\n<p><strong>Lyskom<\/strong><br>System: LysKOM<br>Adress, telnet: kom.lysator.liu.se:4894<br>Hemsida:&nbsp;<a href=\"https:\/\/www.lysator.liu.se\/lyskom\/\">https:\/\/www.lysator.liu.se\/lyskom\/<\/a><\/p>\n\n\n\n<p><strong>Fastline<\/strong><br>System: Fame<br>Adress, telnet: fastline.nu:1541<br>Hemsida: www.fastline.nu<\/p>\n\n\n\n<p><strong>Frozen Floppy BBS<\/strong><br>System: C*BASE v.3.3.8<br>Adress, telnet: bbs.retrohack.se:6464<br>Hemsida:&nbsp;<a href=\"http:\/\/csdb.dk\/bbs\/?id=1139\">http:\/\/csdb.dk\/bbs\/?id=1139<\/a><\/p>\n\n\n\n<p><strong>UppKOM<\/strong><br>System: LysKOM<br>Adress: kom.update.uu.se<br>Hemsida:&nbsp;<a href=\"http:\/\/www.update.uu.se\/\">http:\/\/www.update.uu.se<\/a><\/p>\n\n\n\n<p><strong>Roxen Community KOM<\/strong><br>System: LysKOM<br>Adress: community.roxen.com<\/p>\n\n\n\n<p><strong>MysKOM<\/strong><br>System: LysKOM<br>Adress: myskom.kfib.org<\/p>\n\n\n\n<p><strong>Sanctuary BBS<\/strong><br>System: AmiExpress 4.20<br>Adress, telnet: sanctuary.zapto.org:1541<br>Hemsida:&nbsp;<a href=\"http:\/\/www.brysk.se\/sanctuary\/\">http:\/\/www.brysk.se\/sanctuary\/<\/a><\/p>\n\n\n\n<p><strong>Marvin BBS<\/strong><br>System: NiKom<br>Telefonnummer: 08-6582572<br>Adress, telnet: suga.se:42042<\/p>\n","protected":false},"excerpt":{"rendered":"<p>Listan skapades fr\u00e5n b\u00f6rjan av Joacim Melin, men verkar byta url och f\u00f6rsvinna r\u00e4tt ofta, s\u00e5 jag har gjort en kopia. Om den finns uppe, rekommenderar jag att du ist\u00e4llet g\u00e5r till originalet h\u00e4r: https:\/\/www.melin.org\/bbs\/ \u2192 Senast uppdaterad: 2022-05-07 \u2190 Senast uppdaterad: 2022-05-07. Delta CityBBS-system: NiKomAdress, telnet \/ SSH: deltacity.seLogin och l\u00f6sen, SSH: bbs \/&hellip; <a class=\"more-link\" href=\"https:\/\/the.ericade.net\/?page_id=1462\">Forts\u00e4tt l\u00e4sa <span class=\"screen-reader-text\">Sveriges BBS-lista (backup\/spegel)<\/span><\/a><\/p>\n","protected":false},"author":1,"featured_media":0,"parent":0,"menu_order":0,"comment_status":"closed","ping_status":"closed","template":"","meta":{"jetpack_post_was_ever_published":false,"footnotes":""},"class_list":["post-1462","page","type-page","status-publish","hentry","entry"],"jetpack_sharing_enabled":true,"jetpack_shortlink":"https:\/\/wp.me\/PaX1Ep-nA","_links":{"self":[{"href":"https:\/\/the.ericade.net\/index.php?rest_route=\/wp\/v2\/pages\/1462","targetHints":{"allow":["GET"]}}],"collection":[{"href":"https:\/\/the.ericade.net\/index.php?rest_route=\/wp\/v2\/pages"}],"about":[{"href":"https:\/\/the.ericade.net\/index.php?rest_route=\/wp\/v2\/types\/page"}],"author":[{"embeddable":true,"href":"https:\/\/the.ericade.net\/index.php?rest_route=\/wp\/v2\/users\/1"}],"replies":[{"embeddable":true,"href":"https:\/\/the.ericade.net\/index.php?rest_route=%2Fwp%2Fv2%2Fcomments&post=1462"}],"version-history":[{"count":5,"href":"https:\/\/the.ericade.net\/index.php?rest_route=\/wp\/v2\/pages\/1462\/revisions"}],"predecessor-version":[{"id":1693,"href":"https:\/\/the.ericade.net\/index.php?rest_route=\/wp\/v2\/pages\/1462\/revisions\/1693"}],"wp:attachment":[{"href":"https:\/\/the.ericade.net\/index.php?rest_route=%2Fwp%2Fv2%2Fmedia&parent=1462"}],"curies":[{"name":"wp","href":"https:\/\/api.w.org\/{rel}","templated":true}]}}