{"id":1242,"date":"2019-12-25T18:04:01","date_gmt":"2019-12-25T17:04:01","guid":{"rendered":"https:\/\/the.ericade.net\/?page_id=1242"},"modified":"2019-12-25T18:04:01","modified_gmt":"2019-12-25T17:04:01","slug":"ordlista","status":"publish","type":"page","link":"https:\/\/the.ericade.net\/?page_id=1242","title":{"rendered":"Ordlista"},"content":{"rendered":"\n<p>Du kanske k\u00e4nner en viss f\u00f6rvirring inf\u00f6r jargongen som finns p\u00e5 denna sida. Om du inte v\u00e4xte upp p\u00e5 80- eller 90-talet eller inte brydde dig om datorv\u00e4rlden, kan orden vara ok\u00e4nda. S\u00e5 h\u00e4r \u00e4r orden som vi anv\u00e4nder p\u00e5 denna site f\u00f6rklarade p\u00e5 ett enkelt s\u00e4tt. De viktigaste kommer f\u00f6rst.<\/p>\n\n\n\n<p>BBS &#8211; Bulletin Board System<br>I dessa dagar med FaceBook och Twitter, kan det vara bra att veta att det p\u00e5 v\u00e5r tid var mycket vanligt att folk drev d\u00e5tidens &#8221;sociala medier&#8221; p\u00e5 sina egna datorer som n\u00e5ddes via telefon-n\u00e4tet. Dessa medier var helt textbaserade och s\u00e5g ut som en blandning mellan en kommandoprompt och text-TV. Denna site handlar om en specifik BBS, som drevs fr\u00e5n en liten tv\u00e5 rummare i Aspudden och om den BBS-kultur som fanns i landet kring 1993 \u00e4r v\u00e5r tider\u00e4kning b\u00f6rjar. BBS-eran b\u00f6rjade i slutet av 70-talet och ebbade ut n\u00e5gon g\u00e5ng efter 1995.<\/p>\n\n\n\n<p>Bas eller basen<br>BBS:er kallades ofta f\u00f6r &#8221;baser&#8221;. S\u00e5 man skrev ofta  hellre &#8221;jag ringde Eriks bas&#8221; \u00e4n &#8221;Jag ringde Eriks BBS&#8221;. I mycket av denna sidas texter anv\u00e4nds ordet bas ofta, s\u00e5 det \u00e4r viktigt att f\u00f6rst\u00e5 att det \u00e4r exakt samma sak som en BBS.<\/p>\n\n\n\n<p>Modem &#8211; MODulator DEModulator<br>Riktigt s\u00e5 enkelt att man bara ringde en bas var det inte. Du beh\u00f6ver ett modem, en enhet som du kopplade mellan din dator och telefonlinjen, f\u00f6r att kunna ringa en annan dator. Denna tingest gjorde om datorns digitala data till toner som skickades \u00f6ver telefonlinjen. P\u00e5 andra sidan satt ocks\u00e5 ett modem som gjorde om tonerna till digitala data som datorn p\u00e5 andra sidan kunde f\u00f6rst\u00e5. Modem fortsatte vara popul\u00e4ra in p\u00e5 Internet\u00e5ldern som m\u00e5nga s\u00e4kert minns. De ersattes efter ett tag med olika former av bredband och mobila bredband.<\/p>\n\n\n\n<p>Demo, demogrupp<br>Ett demo var ett program, gjort av entusiaster som visade hur l\u00e5ngt man kunde pressa d\u00e5tidens datorer. Dessa demon spelade ofta musik, samtidigt som de visade text och grafiska effekter som var mycket sv\u00e5ra att f\u00e5 att fungera med d\u00e5tidens h\u00e5rdvara. Detta i sig visade p\u00e5 ett stort kunnande av de som gjorde demona. En hel scen med grupper som t\u00e4vlade med varandra uppstod och lever till stor del \u00e4ven i dessa dagar. Den grupp som kunde skapa demon som imponerade med sin h\u00f6ga tekniska standard vann stor respekt.<\/p>\n\n\n\n<p>H\u00e4r \u00e4r tv\u00e5 att de mest banbrytande demona fr\u00e5n den tidiga eran (enligt mig!)<\/p>\n\n\n\n<figure class=\"wp-block-embed-youtube wp-block-embed is-type-video is-provider-youtube wp-embed-aspect-16-9 wp-has-aspect-ratio\"><div class=\"wp-block-embed__wrapper\">\n<span class=\"embed-youtube\" style=\"text-align:center; display: block;\"><iframe class=\"youtube-player lazyload\" width=\"750\" height=\"422\" data-src=\"https:\/\/www.youtube.com\/embed\/89wq5EoXy-0?version=3&#038;rel=1&#038;showsearch=0&#038;showinfo=1&#038;iv_load_policy=1&#038;fs=1&#038;hl=sv-SE&#038;autohide=2&#038;wmode=transparent\" allowfullscreen=\"true\" style=\"border:0;\" sandbox=\"allow-scripts allow-same-origin allow-popups allow-presentation allow-popups-to-escape-sandbox\" src=\"data:image\/svg+xml;base64,PHN2ZyB3aWR0aD0iMSIgaGVpZ2h0PSIxIiB4bWxucz0iaHR0cDovL3d3dy53My5vcmcvMjAwMC9zdmciPjwvc3ZnPg==\" data-load-mode=\"1\"><\/iframe><\/span>\n<\/div><figcaption>State of the art av gruppen Spaceballs \u00e4r legendariskt och visade att Commodore Amigan kunde prestera MTV-grafik.<\/figcaption><\/figure>\n\n\n\n<figure class=\"wp-block-embed-youtube wp-block-embed is-type-video is-provider-youtube wp-embed-aspect-16-9 wp-has-aspect-ratio\"><div class=\"wp-block-embed__wrapper\">\n<span class=\"embed-youtube\" style=\"text-align:center; display: block;\"><iframe class=\"youtube-player lazyload\" width=\"750\" height=\"422\" data-src=\"https:\/\/www.youtube.com\/embed\/iGpU3DicbLQ?version=3&#038;rel=1&#038;showsearch=0&#038;showinfo=1&#038;iv_load_policy=1&#038;fs=1&#038;hl=sv-SE&#038;autohide=2&#038;wmode=transparent\" allowfullscreen=\"true\" style=\"border:0;\" sandbox=\"allow-scripts allow-same-origin allow-popups allow-presentation allow-popups-to-escape-sandbox\" src=\"data:image\/svg+xml;base64,PHN2ZyB3aWR0aD0iMSIgaGVpZ2h0PSIxIiB4bWxucz0iaHR0cDovL3d3dy53My5vcmcvMjAwMC9zdmciPjwvc3ZnPg==\" data-load-mode=\"1\"><\/iframe><\/span>\n<\/div><figcaption>Enigma fr\u00e5n Phenomena \u00e4r en banbrytande demo med effekter som rullade silkeslent p\u00e5 mycket begr\u00e4nsad h\u00e5rdvara.<\/figcaption><\/figure>\n\n\n\n<p>Lamer<br>Detta har vi <a href=\"https:\/\/the.ericade.net\/?p=985\">diskuterat i en artikel h\u00e4r<\/a>. Men en lamer \u00e4r det l\u00e4gsta pinnh\u00e5let i gamla tidens datorv\u00e4rld. Det \u00e4r en anv\u00e4ndare som n\u00e4tt och j\u00e4mnt kan anv\u00e4nda en dator utan oftast sitter och spelar spel. En vanlig anv\u00e4ndare kan l\u00e4ra sig programmen och anv\u00e4nda datorn f\u00f6r att skapa dokument eller data, men en lamer \u00e4r en okunnig nolla som fr\u00e5gar alla om hj\u00e4lp och ingenting l\u00e4r sig.  Den f\u00f6rsvenskade termen &#8221;lam&#8221; anv\u00e4nds ocks\u00e5.  <\/p>\n\n\n\n<p>Termen kan \u00e4ven anv\u00e4ndas om en person \u00e4r p\u00e5 en mycket h\u00f6gre niv\u00e5 men inkompetent. Ett exempel p\u00e5 det senare kan vara &#8221;Demogruppen EdgeOfTheScreen \u00e4r lam och deras grafiker superman \u00e4r en riktig lamer&#8221;. Ej att f\u00f6rv\u00e4xlas med badskummet &#8221;La mer&#8221;.<\/p>\n\n\n\n<p>Sysop &#8211; SYStem OPerator<br>Termen \u00e4r snodd fr\u00e5n gamla tiders stordatorer. Sysopen var helt enkelt den som \u00e4gde och drev basen. Kung, system administrat\u00f6r, domare, jury och f\u00f6rv\u00e5nadsv\u00e4rt ofta \u00e4ven b\u00f6del. Vederb\u00f6rande best\u00e4mde vilka regler som g\u00e4llde p\u00e5 basen. En bra sysop fick ofta respekt och styrde sitt rike med en l\u00e4tt men best\u00e4md hand. D\u00e5liga sysops fanns givetvis ocks\u00e5 och de som b\u00f6rjade som Sysops tidigt <a href=\"https:\/\/the.ericade.net\/?p=624\">ans\u00e5g ofta att de som kom senare var just s\u00e5dana<\/a>.<\/p>\n\n\n\n<p>&#8221;Scenen&#8221;<br>F\u00f6rkortning av demoscenen. Allts\u00e5 sk\u00e5deplatsen f\u00f6r allt inom demov\u00e4rlden. Demoscenen inneh\u00f6ll demogrupper, demon, musiker, kodare, en del lamers, sammankomster och BBSer.<\/p>\n\n\n\n<p>Warez<br>En ben\u00e4mning p\u00e5 \u00e5tr\u00e5v\u00e4rda spel och program. Det ingick n\u00e4stan alltid att de vara kommersiella varor som spreds gratis. De f\u00f6rsta \u00e5ren var detta lagligt, men senare kriminaliserades det. Grupper som tog bort skydden mot att kopiera dessa och sedan spred dem till allm\u00e4nheten kallades ofta f\u00f6r &#8221;crackers&#8221;.<\/p>\n\n\n\n<p>Crackers<br>Se texten ovan.<\/p>\n\n\n\n<p>Detta \u00e4r de ofta som beh\u00f6vs f\u00f6r att f\u00f6rst\u00e5 siten du just surfat till. Men h\u00e4r \u00e4r n\u00e5gra fler som \u00e4r relevanta.<\/p>\n\n\n\n<p>&lt;mer kommer><\/p>\n","protected":false},"excerpt":{"rendered":"<p>Du kanske k\u00e4nner en viss f\u00f6rvirring inf\u00f6r jargongen som finns p\u00e5 denna sida. Om du inte v\u00e4xte upp p\u00e5 80- eller 90-talet eller inte brydde dig om datorv\u00e4rlden, kan orden vara ok\u00e4nda. S\u00e5 h\u00e4r \u00e4r orden som vi anv\u00e4nder p\u00e5 denna site f\u00f6rklarade p\u00e5 ett enkelt s\u00e4tt. De viktigaste kommer f\u00f6rst. BBS &#8211; Bulletin Board&hellip; <a class=\"more-link\" href=\"https:\/\/the.ericade.net\/?page_id=1242\">Forts\u00e4tt l\u00e4sa <span class=\"screen-reader-text\">Ordlista<\/span><\/a><\/p>\n","protected":false},"author":1,"featured_media":0,"parent":0,"menu_order":0,"comment_status":"closed","ping_status":"closed","template":"","meta":{"jetpack_post_was_ever_published":false,"footnotes":""},"class_list":["post-1242","page","type-page","status-publish","hentry","entry"],"jetpack_sharing_enabled":true,"jetpack_shortlink":"https:\/\/wp.me\/PaX1Ep-k2","_links":{"self":[{"href":"https:\/\/the.ericade.net\/index.php?rest_route=\/wp\/v2\/pages\/1242","targetHints":{"allow":["GET"]}}],"collection":[{"href":"https:\/\/the.ericade.net\/index.php?rest_route=\/wp\/v2\/pages"}],"about":[{"href":"https:\/\/the.ericade.net\/index.php?rest_route=\/wp\/v2\/types\/page"}],"author":[{"embeddable":true,"href":"https:\/\/the.ericade.net\/index.php?rest_route=\/wp\/v2\/users\/1"}],"replies":[{"embeddable":true,"href":"https:\/\/the.ericade.net\/index.php?rest_route=%2Fwp%2Fv2%2Fcomments&post=1242"}],"version-history":[{"count":9,"href":"https:\/\/the.ericade.net\/index.php?rest_route=\/wp\/v2\/pages\/1242\/revisions"}],"predecessor-version":[{"id":1251,"href":"https:\/\/the.ericade.net\/index.php?rest_route=\/wp\/v2\/pages\/1242\/revisions\/1251"}],"wp:attachment":[{"href":"https:\/\/the.ericade.net\/index.php?rest_route=%2Fwp%2Fv2%2Fmedia&parent=1242"}],"curies":[{"name":"wp","href":"https:\/\/api.w.org\/{rel}","templated":true}]}}